 the greatest common divisor of 22135 and 285?
95
What is the highest common factor of 137073 and 15?
3
What is the greatest common divisor of 198 and 22358160?
198
What is the highest common factor of 2891 and 1417829?
413
What is the greatest common divisor of 2884 and 140?
28
What is the greatest common divisor of 1400 and 525?
175
What is the greatest common divisor of 513 and 10051?
19
What is the greatest common divisor of 217917 and 819?
63
What is the highest common factor of 741 and 663?
39
Calculate the highest common divisor of 388212 and 11.
11
What is the highest common factor of 1360 and 60848?
16
Calculate the greatest common divisor of 8041616 and 176.
176
Calculate the greatest common divisor of 106 and 716666.
106
Calculate the greatest common divisor of 692 and 3979.
173
What is the greatest common factor of 3599 and 30857?
59
Calculate the highest common factor of 392518 and 69483.
1219
What is the highest common factor of 107072 and 56?
56
Calculate the greatest common factor of 137970 and 621.
27
Calculate the highest common divisor of 261 and 184266.
261
What is the highest common divisor of 2299 and 2?
1
Calculate the greatest common factor of 71 and 1404167.
71
Calculate the greatest common divisor of 1330 and 271225.
95
What is the highest common factor of 204720 and 11089?
853
Calculate the greatest common divisor of 84 and 33033.
21
Calculate the greatest common factor of 466659 and 171.
171
What is the highest common factor of 658120 and 120?
40
Calculate the highest common divisor of 65 and 1107340.
65
What is the greatest common factor of 3077 and 9214?
17
Calculate the greatest common divisor of 358688 and 528.
176
What is the greatest common factor of 9936 and 594?
54
Calculate the highest common factor of 612165 and 555.
555
What is the greatest common divisor of 82950 and 30?
30
Calculate the greatest common factor of 21012 and 1700.
68
What is the greatest common factor of 252 and 44550?
18
What is the greatest common divisor of 3018915 and 45?
45
Calculate the highest common divisor of 5994 and 25086.
222
What is the highest common divisor of 4770 and 33920?
530
Calculate the highest common divisor of 32 and 371992.
8
What is the highest common factor of 2326896 and 88?
88
Calculate the highest common factor of 24 and 5335912.
8
Calculate the highest common divisor of 20174 and 362.
2
Calculate the greatest common factor of 1455583 and 3493.
499
Calculate the greatest common factor of 4 and 28338.
2
What is the highest common factor of 1978 and 672?
2
What is the highest common factor of 19177 and 18288?
127
What is the highest common divisor of 407 and 2738?
37
Calculate the highest common divisor of 162 and 7218.
18
Calculate the greatest common factor of 11410 and 457541.
1141
What is the highest common factor of 364 and 20881?
7
Calculate the highest common divisor of 6842 and 622.
622
Calculate the highest common divisor of 36 and 349704.
36
What is the greatest common factor of 6066300 and 554?
554
Calculate the highest common factor of 488 and 290848.
488
Calculate the greatest common divisor of 325 and 8300.
25
What is the highest common factor of 625 and 73100?
25
What is the greatest common factor of 10727 and 8834?
631
What is the greatest common factor of 607630 and 10?
10
Calculate the greatest common factor of 15564 and 2820.
12
What is the highest common divisor of 1803195 and 925?
185
Calculate the highest common factor of 2430 and 1557144.
486
What is the highest common factor of 831 and 86147?
277
Calculate the highest common divisor of 1728 and 228672.
576
Calculate the greatest common divisor of 385126 and 70.
14
Calculate the highest common divisor of 9612 and 1278.
18
What is the greatest common divisor of 2384 and 217838?
298
What is the highest common divisor of 21296 and 436?
4
What is the greatest common factor of 13870 and 98550?
730
What is the highest common factor of 42 and 92078?
14
Calculate the highest common divisor of 73545 and 255.
15
Calculate the greatest common factor of 2885 and 156367.
577
Calculate the greatest common divisor of 301 and 14.
7
Calculate the highest common factor of 41360 and 2726.
94
What is the highest common divisor of 56199 and 429?
429
Calculate the highest common divisor of 76833 and 18.
9
Calculate the highest common factor of 17708 and 2356.
76
Calculate the highest common factor of 13130 and 90.
10
Calculate the highest common factor of 8 and 8526.
2
What is the greatest common factor of 128359 and 77?
77
Calculate the highest common factor of 33 and 10219.
11
Calculate the highest common factor of 2297582 and 28.
14
Calculate the highest common factor of 836 and 380.
76
Calculate the highest common factor of 112 and 66.
2
Calculate the greatest common divisor of 1276 and 4378.
22
What is the highest common factor of 1950 and 23850?
150
Calculate the highest common divisor of 6708 and 2566068.
516
Calculate the greatest common factor of 1295 and 8155.
35
Calculate the greatest common divisor of 15600 and 61100.
1300
What is the greatest common factor of 29437795 and 17?
17
What is the highest common factor of 11568 and 18?
6
Calculate the greatest common divisor of 39 and 6943495.
13
Calculate the highest common divisor of 366420 and 24.
12
Calculate the highest common factor of 54 and 230904.
54
What is the greatest common divisor of 37208 and 44?
4
What is the highest common factor of 5 and 450795?
5
What is the greatest common factor of 843329 and 614?
307
What is the highest common factor of 8 and 2313?
1
What is the highest common factor of 135895 and 10?
5
Calculate the greatest common factor of 12334 and 2506.
14
Calculate the highest common divisor of 1271 and 574.
41
What is the highest common divisor of 276390 and 6438?
222
Calculate the greatest common factor of 41220 and 91620.
180
What is the greatest common factor of 285387 and 3012?
753
Calculate the greatest common factor of 576 and 172548.
36
What is the greatest common factor of 68285 and 245?
35
What is the highest common divisor of 21 and 15911?
7
What is the highest common divisor of 18918 and 3474?
18
Calculate the highest common divisor of 386808 and 12.
12
What is the greatest common divisor of 9146 and 1258?
34
Calculate the highest common divisor of 1320 and 369840.
120
What is the greatest common divisor of 3348 and 8432?
124
Calculate the greatest common divisor of 60386 and 3270.
218
Calculate the greatest common factor of 3843 and 5040.
63
What is the highest common factor of 6650 and 29050?
350
Calculate the highest common factor of 1174153 and 131.
131
Calculate the greatest common factor of 630 and 23030.
70
What is the highest common factor of 64548 and 72?
36
What is the greatest common divisor of 632632 and 1386?
154
Calculate the greatest common divisor of 495155 and 1186.
593
What is the greatest common divisor of 1948 and 56?
4
Calculate the highest common factor of 4495 and 8555.
145
What is the greatest common divisor of 35 and 22940365?
35
What is the greatest common factor of 8896 and 2528?
32
Calculate the greatest common factor of 4857350 and 1900.
950
Calculate the greatest common divisor of 317 and 12636888.
317
What is the highest common divisor of 28 and 81?
1
What is the greatest common factor of 149905 and 35?
35
What is the greatest common divisor of 9 and 2483127?
9
Calculate the greatest common factor of 511935 and 285.
15
Calculate the highest common factor of 5229 and 855.
9
Calculate the greatest common divisor of 377 and 37613.
29
What is the highest common divisor of 119 and 19448?
17
Calculate the highest common factor of 86784 and 10170.
678
Calculate the highest common divisor of 290 and 62872.
58
What is the greatest common divisor of 24508 and 165?
11
What is the highest common factor of 240 and 224560?
80
What is the highest common divisor of 16435 and 519?
173
Calculate the greatest common divisor of 1269760 and 465.
155
Calculate the greatest common factor of 6 and 1149762.
6
Calculate the greatest common divisor of 135 and 308232.
27
What is the greatest common factor of 90534 and 6?
6
Calculate the greatest common divisor of 2947 and 3395.
7
What is the greatest common factor of 12240 and 304368?
816
Calculate the highe